2 - f. Let j(s) = 3*s**2 - 2317*s**3 + 2307*s**3 + 4*s**2 - 6*s. Let d(o) = -6*g(o) + j(o). Give d(1).
-9
Let n(a) = -10*a. Suppose -4*l - 20 = 0, -4*l - 15 = -k + 17. Let b be -7 + k/(-4) - -4. Let j(m) = 11*m. Let q(c) = b*n(c) - 5*j(c). Determine q(-1).
-5
Let o(k) = -7*k**2 - 5*k - 1. Let v(l) = -3*l**2 - 2*l. Let y(x) = 2*o(x) - 5*v(x). Let g be 1/(12/(8 - -16)). Calculate y(g).
2
Let i(x) = 0*x**2 - x**2 + 1 - 4*x + 2*x**2 + 3. Let u(g) = 18*g - 19*g + 18 - 20. Let o be u(-6). Give i(o).
4
Let b(u) be the second derivative of 0*u**2 + 0*u**3 + 0 - 1/360*u**6 + 18*u - 1/40*u**5 - 1/2*u**4. Let q(n) be the third derivative of b(n). Calculate q(6).
-15
Suppose -5*a - 16 = 9. Let c(o) be the third derivative of -o**6/120 - o**5/20 + o**4/6 + 182*o**2. Calculate c(a).
30
Let y(x) = x**3 + 3*x**2 + 2*x + 1. Suppose 2*q - 4*g = -5*g + 13, 0 = 5*q - 5*g - 25. Suppose 3 = -q*b - 15. Give y(b).
-5
Let v(x) = 4*x + 10. Let u(y) = -3*y**2 - 17*y - 1. Let o be (-12)/2*2*1/2. Let b be o + 4 + 0 + -4. Let h be u(b). Give v(h).
-18
Let i(a) = -a**3 - 7*a**2 + a + 3. Let n(c) = 13*c + 271 - 67 + c**2 - 89 - 86. Let m be n(-4). Calculate i(m).
-4
Let u(y) be the first derivative of y**4/4 - 5*y**3/3 + y**2/2 + 7*y - 242. What is u(3)?
-8
Let d(c) = 117 - 58 - c**3 + 9*c - 4*c**2 - 53. Suppose -9*x + 18*x - 18 = 0. Suppose -5*i - 42 = 3*r, x - 10 = 2*i - r. Calculate d(i).
24
Let c(p) = -p**2 + 5*p + 4. Let q(t) = t + 13. Let w be (-2 - -4)*(-2)/((-8)/(-14)). Let h be q(w). What is c(h)?
-2
Let m(x) = -x**3 - 3*x**2 + 4*x + 5. Let n be m(-4). Suppose 0 = n*h + 5*y - 55, 4*y - 22 = -3*h + 13. Let k(w) = w**3 - 9*w**2 - w + 13. Calculate k(h).
4
Let g be 20/15*(-3)/(-2). Let z(k) = k + 0*k + k**g + k - 7. Let a(y) = -21*y**2 + 261*y - 653. Let c be a(9). Calculate z(c).
8
Let d(p) = -p**3 - 4*p**2 - 3*p - 6. Suppose 0 = 10*y - 12 + 52. Give d(y).
6
Let l(a) = -4*a. Let k(m) = 30*m + 2*m**2 - 14*m + 2*m**2 - 19*m - m**3 - 2. Let h be k(3). What is l(h)?
8
Let a(o) = -32*o + 32*o + 23 + 8*o - 7*o - 12*o**2 + o**3. Determine a(12).
35
Let b(h) be the second derivative of -1/20*h**5 + 0*h**3 - 5/12*h**4 - 12 - 2*h + 3/2*h**2. Give b(-5).
3
Let n be (-1684)/(-80)*2 + 3/(-30). Suppose -n = -13*s - 3. Let a(g) = -g**3 + g**2 + g. What is a(s)?
-15
Let k(w) = -855412*w + 0 - 7 + 855410*w. Let s(i) = -i**2 - 2*i - 3. Let a be s(-3). What is k(a)?
5
Let f(q) be the second derivative of q**4/12 + 8*q**3/3 + 4*q**2 - 18*q. Let v be f(-15). Let g(m) = 3*m**2 - m - 1 - 13*m + 18*m - 2*m**2. Determine g(v).
20
Let m(z) = 11*z - 23. Let y be (-14)/(-10) + 19/((-1710)/(-54)). What is m(y)?
-1
Let w be 3/6 - (-14)/(-4). Let p be 3/(w/4) + 0. Let k(s) be the third derivative of s**4/24 + s**3/2 - 118*s**2 - 11. Determine k(p).
-1
Let p(s) = 346*s**2 - 343*s**2 - 2 - s**3 + 0. Let y(o) = o**3 - 12*o**2 - 12*o - 2. Let q be y(13). Suppose 3*t + 2*z = q, 2*t + 0*z - z = 5. What is p(t)?
-2
Suppose -3*k - 21 = 3*y, -6*k + y - 18 = -2*k. Let w(u) = 2*u - 2. Give w(k).
-12
Let s(b) be the third derivative of -b**6/120 + b**5/10 + b**4/3 - 2*b**3/3 - 3560*b**2. Calculate s(7).
3
Let n(h) = -h**3 - 6*h**2 - 3*h + 2. Suppose -41*u = -31*u + 70. Let w be ((56/(-5))/u)/(6/(-15)). What is n(w)?
-18
Suppose 4*q = 398 + 450. Let c = -217 + q. Let i(o) = 5*o - 1. Let l(z) = -11*z + 3. Let x(v) = 7*i(v) + 3*l(v). Determine x(c).
-8
Let m(c) = c**2 + c - 21. Let k be (-2660)/385 + 2/(-22). Calculate m(k).
21
Let x(r) = -r**2 - 5*r - 2. Suppose -7*z + 63 = 14*z. Suppose -5*v = 17 + z. Calculate x(v).
2
Let x(q) = -13*q**2 + 8 + 1 + 12*q**2 - 7. Suppose -5*s + 30 + 15 = 0. Suppose -11 = -h - s. Calculate x(h).
-2
Let y(c) = -c**3 - 15*c**2 + c - 14. Let i be y(-9). Let n = i + 513. Let z(f) = f**2 - 4. Calculate z(n).
12
Let x(o) = 11*o**2 - 14*o - 3. Suppose -11*z + 15*z = -52. Let c(y) = -5*y**2 + 7*y + 1. Let u(m) = z*c(m) - 6*x(m). Let a = 305 + -312. What is u(a)?
5
Let q(i) = -i**3 - 9*i**2 + 12*i - 10. Let c be q(-8). Let v = -176 - c. Let r(a) = a - 28 - 2*a + 19. Calculate r(v).
-3
Suppose -6*r + 4*w = 8*w - 16, 0 = r + 5*w + 19. Let k(g) = 7 + 19*g + 18*g - 39*g. Give k(r).
-5
Let d(n) be the first derivative of n**5/60 - n**4/24 - n**3 - 89*n**2/2 - 81. Let w(f) be the second derivative of d(f). Determine w(0).
-6
Let l(c) = -2*c**2 + 10*c - 12. Let n be l(7). Let m be -9 - ((-2)/(-6) - n/15). Let j be (m/2)/(-1 - -3). Let t(k) = k**3 + k**2 - 4*k - 4. Calculate t(j).
-10
Let x(u) = 3*u**2 - 5*u - 3. Suppose 436 - 310 = 21*m. Calculate x(m).
75
Suppose -8 - 326 = 280*f + 226. Let b(g) = g**3 + 13*g**2 + 19*g. Determine b(f).
6
Let r(f) = 4*f + 2. Let c(y) = 6*y + 1. Let w(u) = 5*c(u) - 8*r(u). Calculate w(-11).
11
Let h = 3 - 5. Let c(b) be the first derivative of b**2 + 1/3*b**3 + b + 44 - 1/2*b**4. Calculate c(h).
17
Let b = 359 - 357. Let r(j) = 3 + 5*j**2 + j**2 + 13*j**3 - 5*j**b - 14*j**3. Suppose 4*d = 2*d - 3*m + 9, -5*m + 15 = 2*d. Give r(d).
3
Let l(a) = 11*a**2 - 2*a + 1. Suppose -7*z + 2 = -5. Suppose 17*n - 16*n = z. Determine l(n).
10
Let k(o) = o**2 - 15*o - 3. Suppose -6*s = -3*h + 18, 4*s - 111 = -95. Give k(h).
-17
Let h(q) = -473*q - 1323 + 1312 + 465*q. Calculate h(-8).
53
Let y(q) = -13*q - 10 + 16 + 3*q - 12 - q**2. Suppose -k = 3*k + 32. Give y(k).
10
Let q(l) = -5*l**2 + 10 + 6*l**2 + l**2. Let m(z) = -4*z + 11*z + 3*z**2 - 6 + 17 + z - 7*z. Let d(w) = 3*m(w) - 4*q(w). What is d(-5)?
3
Let d(s) be the second derivative of -1/8*s**4 + 0*s**2 + 1/3*s**3 + 0 + 1/24*s**5 - 22*s + 1/360*s**6. Let y(u) be the second derivative of d(u). Give y(-6).
3
Let i = -6382 - -6384. Let n(p) be the third derivative of -1/60*p**5 + 1/3*p**4 - 1/2*p**3 + 0 - 21*p**i + 0*p. Give n(6).
9
Let x(o) be the second derivative of -o**3/3 + 6*o**2 + 2*o - 7. What is x(10)?
-8
Suppose 4*h = 2*v - 8, -3*h - 16 = 44*v - 48*v. Let n(x) = 5*x**2 - 4*x - 2. What is n(v)?
62
Suppose -2 = n - 6. Let q = -10 + n. Let v(l) = l**2 + l - 3. Let a(b) = -b - 1. Let j(m) = 6*a(m) - v(m). Give j(q).
3
Let l(x) = 649 + 5*x - 157*x**2 + 156*x**2 - 6*x. What is l(-26)?
-1
Let v(b) be the third derivative of b**6/120 - b**5/10 - 3*b**4/8 - 11*b**3/3 + 45*b**2 - 2*b + 3. Give v(8).
34
Let p(w) = 2*w**3 + 6*w**2 + w - 2. Let f(o) = -o**3 - o**2 + o + 1. Let n(r) = -3*f(r) - p(r). Suppose 13*s - 39 - 13 = 0. Give n(s).
-1
Let b(p) = p**3 - p**2 + 4*p - 30. Let k be b(3). Let m(s) = 8*s + 4. Give m(k).
4
Suppose 9*s + 8 = 5*s, -3*u - 2*s = -2. Suppose 0 = -5*g + c + 3, 4*c = -4*g + u*g - 12. Let z(q) = -7 - 4*q**2 + q**2 + 2*q**2 + g*q**2 - 8*q. Determine z(-8).
-7
Let z(g) = -24*g - 384. Let u be z(-16). Let o(a) = a**3 + a**2 + 2*a + 4. Determine o(u).
4
Let t(l) be the second derivative of -1/720*l**6 + 0*l**2 + 3*l + 0*l**3 - 1/30*l**5 - 17/6*l**4 + 0. Let x(m) be the third derivative of t(m). What is x(-10)?
6
Let r(d) = -2*d**3 - 14*d**2 + 52*d + 153. Let w be r(-9). Let s(q) = 8*q**2 + 6*q**3 - 3*q**3 + 8*q - 4*q**3. Calculate s(w).
-9
Let b(h) = -12*h**3 - 26*h**2 - 4*h - 27. Let n(v) = -5*v**3 - 12*v**2 - 2*v - 13. Let c(o) = 2*b(o) - 5*n(o). What is c(-8)?
-5
Let n(z) be the first derivative of z**4/4 + 11*z**3/3 - 12*z**2 + 25*z + 331. Calculate n(-13).
-1
Let a(g) = -9*g - 54. Let h(d) = -5*d**3 - 44*d**2 + 7*d - 25. Let t be h(-9). Determine a(t).
9
Let a = -45 + 37. Let g(k) = -3*k + 2. Let l be g(a). Suppose 6*t - 16 = l. Let c(f) = -f**2 + 8*f + 2. Determine c(t).
9
Suppose 88*v - 3 + 643 = -152. Let a(t) = -t**2 - 6*t - 20. Determine a(v).
-47
Let f be (-33)/165 + (-38)/10. Let p = -94 + 99. Let t be p/((-4)/(0 + f)). Let h(b) = -b**2 + 3*b. Determine h(t).
-10
Suppose -2*x = 34 - 36. Let o be (x/(-2) - (4 + -4))*-4. Let d(y) = 1 + 71*y**2 - 39*y**2 - 34*y**o. Calculate d(3).
-17
Let f(r) be the second derivative of -3*r**5/10 + r**4/3 - r**3/3 - 3*r**2/2 + 6647*r. Determine f(2).
-39
Suppose 0 = -r + 4*u + 20, -375*u = 2*r - 374*u - 4. Let t(w) = -w**3 + 6*w**2 - 6*w + 8. What is t(r)?
16
Suppose 26*t = 36*t + 50. Let b = 0 + 2. Let p(g) = 4*g**2 + 42*g**3 - 41*g**3 - 5*g + b*g. What is p(t)?
-10
Let c(d) = d**2 + 19*d - 45. Let n be (140/(-35) - (-4 + -1))*2. Let q be c(n). Let z(f) = -f**3 - 3*f**2 + 3*f - 2. Determine z(q).
-11
Let l(z) = -z**3 - 3*z**2 - 32*z - 8. Let y(r) = -r**3 - 5*